 is the tens digit of m?
7
Let b = -1518 + 1397. Let d = 34 + -99. Let s = d - b. What is the tens digit of s?
5
What is the hundreds digit of ((-24)/(-10))/((1560/(-219825))/(-26))?
7
Let k(u) = -u**3 - 15*u**2 + 2*u + 40. Let b be k(-15). What is the tens digit of b/4*(-12 - -200)?
7
Let d be 8/(-16)*(-10 - -2). Let z be ((-2)/d)/((-3)/(-6)). What is the units digit of -2 + 10 - (z + 1)?
8
Suppose -4*x + 48 = 2*o - 6*o, 5*x = o + 48. Suppose 0 = -2*m + x*m - 1568. What is the tens digit of m?
2
Let z = 85 - 73. Suppose -z*b = -15*b - 510. Let s = 290 + b. What is the hundreds digit of s?
1
Suppose 27*r + 69 + 66 = 0. Let x(q) be the second derivative of -5*q**3/3 + 3*q**2/2 - q. What is the units digit of x(r)?
3
Let g(c) = -2*c - 11. Let w be g(-8). Suppose -w*l - 4*l + 45 = 0. Suppose 4*o - 801 = -l*d, -4*o + 8*o + d = 781. What is the hundreds digit of o?
1
Suppose 0 = -2*u + 869 + 3407. What is the tens digit of u?
3
Let d(g) = 3*g + 31. Let f(k) = -4*k - 30. Let n(w) = -3*d(w) - 4*f(w). Let l be n(17). What is the hundreds digit of l/3*((-16)/(-2) - 5)?
1
Let q = 22 + -7. Let n(f) = -8 + 12 + q*f - 2. What is the units digit of n(4)?
2
Let v = 16354 - -9144. What is the thousands digit of v?
5
Let d = 24944 + -17179. What is the thousands digit of d?
7
Let k = 145 - 39. Let f = k - 73. Let b = 76 - f. What is the tens digit of b?
4
Let m(a) = 50*a**3 - 3*a**2 - 7*a + 9. Let w be m(1). Suppose -y - 65 = 3*z + 36, 4*z = -3*y - 278. Let d = w - y. What is the tens digit of d?
3
Suppose 0 = -15*t + 235 + 215. What is the hundreds digit of (138/t - 5)/((-3)/3195)?
4
Let g(k) = 988*k - 627. What is the units digit of g(5)?
3
Let h = -24 - -27. Let u be (-3)/3 - h - -7. Suppose -284 = -4*z - 5*b, -133 = -u*z - 2*b + 73. What is the tens digit of z?
6
Suppose -4*j - 2*i + 54580 = 0, -5*j + 1931*i = 1936*i - 68235. What is the thousands digit of j?
3
Suppose 3*j + 2*j = 2*h + 49, 4*h + 2*j + 86 = 0. Let n = h + 24. Suppose 4*r = n*v + 910, 3*r - 4*v = 4*r - 214. What is the units digit of r?
6
Suppose -2*i = 2*k + 4, 7*i + 5 = 5*i - k. Let m be (2/(-3))/(i/99). Let c(t) = -t**2 + 21*t + 41. What is the units digit of c(m)?
9
Let g be 23 - (16 + -20)*3/(-4). Let y be (g/24)/(-5) + 1587/18. Suppose -2*f + 318 = y. What is the tens digit of f?
1
Suppose -458540 - 1288141 = -66*z + 195765. What is the ten thousands digit of z?
2
Suppose -d - j + 748 + 153 = 0, 2*j = 4*d - 3604. What is the units digit of d/34 - 5/(-2)?
9
Suppose -20*m + 4 = -18*m. Suppose 0 = -m*z, 119 + 51 = f + 5*z. What is the units digit of f?
0
Let a be ((1/2)/1 + 2)*50. Suppose 3*n - 5*g = 442, g = 5*n - 575 - a. What is the units digit of n?
9
Let t(m) = 677*m**2 + 7*m + 350. What is the thousands digit of t(-10)?
7
What is the hundreds digit of (735/(-42) - (-17 + -1))/(1/4946)?
4
Let u(g) = 1331*g**2 - 106*g + 323. What is the thousands digit of u(3)?
1
Let a(x) = -x**3 + 23*x**2 - 77*x - 14. Let f be a(18). Suppose v - f + 6 = 0. What is the tens digit of v?
1
Suppose 6*f - 41271 = 4*f - 3*j, -2*j - 14 = 0. What is the ten thousands digit of f?
2
Let r(f) be the first derivative of 11*f**3/3 - 6*f**2 + 10*f - 15. What is the tens digit of r(8)?
1
Suppose -6752 - 3148 = -9*u. What is the hundreds digit of u?
1
Suppose 14*q - 78 = 20*q. Let y(z) = -48*z - 36. What is the hundreds digit of y(q)?
5
Let y be 62/(-3)*-3 + 4. Let m be (-11)/y + (-46)/12. What is the tens digit of (1 + m/12)/(8/996)?
8
Suppose -5586 + 35786 = 5*r. Suppose -r = -9*n - n. Suppose 8*w = 4*w + n. What is the tens digit of w?
5
Let p be (20/(-8) + 4)*(5 + -3039). Let a = -2876 - p. What is the hundreds digit of a?
6
Let w = -3058 - -2004. What is the hundreds digit of w/(-5) - (-74)/370?
2
Let j(v) = -3*v + 10. Let c be 54/45 - 8/(-10). Let z be j(c). Let f(l) = 3*l**2 - 9*l + 6. What is the units digit of f(z)?
8
Let u = -1119 - -6137. What is the units digit of u?
8
Let g be (-1204)/6*(4 + -7). Suppose 3*r + 0*b - 3*b - 42 = 0, -2*b = 2*r - 8. Suppose g = r*v - 2*v. What is the tens digit of v?
8
Suppose 0*d = 4*d - 2*j + 28, 4*j = d - 7. Let z be (d - 1)*4/(-8). Suppose z*b + 2*h - 628 = 137, 153 = b + 5*h. What is the hundreds digit of b?
1
Suppose -22*o = -18*o + 5*j - 32093, -4*j - 24062 = -3*o. What is the thousands digit of o?
8
What is the hundreds digit of ((-834904)/357)/((-1)/((-3)/(-1)))?
0
Suppose 5*w - 4*u - 101068 = 0, -27*w + 3*u = -32*w + 101089. What is the tens digit of w?
1
Let c(k) = 256*k**2 - 38*k - 205. What is the hundreds digit of c(-5)?
3
Let i be ((-5)/20)/((-2)/(-1256)). Let g = i - -297. What is the units digit of g?
0
Let a = 4992 - 2276. What is the units digit of a?
6
Suppose -7*n + 30 = 9. Let t(w) = 163*w - 22. What is the hundreds digit of t(n)?
4
What is the tens digit of -7 - (-5027 + -30 - (5 + -2))?
5
Let q(h) = -2*h**3 - 28*h**2 - 142*h + 35. What is the hundreds digit of q(-19)?
3
Let i(u) = -3020*u - 211. What is the thousands digit of i(-3)?
8
Let w be ((-552)/18 - 5)/(2/(-6)). Let f = 225 - w. What is the units digit of f?
8
Let t(h) = -h + 4. Let v(o) = -2*o**2 - 4. Let q be v(0). Let x be t(q). Suppose 50 = x*k - 3*k + 5*n, -4*n - 5 = -k. What is the units digit of k?
9
Suppose 3*v = -h + 5, 3*h = 5*v - v + 15. Suppose v = -0*k + 4*k - 688. Suppose 5*x = -4*b + 791, 4*b + 468 + k = 4*x. What is the hundreds digit of x?
1
Let j(d) = 3*d - 27. Let u be j(10). Suppose -3*z = -4*p - 10, u*z - 2 = p + p. Let g(x) = x**2 - 6*x - 10. What is the tens digit of g(p)?
3
Let t = 88 + -155. Let m = -65 - t. Suppose -4*z - m*l + 28 = -352, 0 = 3*z + 2*l - 285. What is the tens digit of z?
9
Let a be (-2004)/96 + 2/(-16). What is the units digit of ((-340)/(-35))/((-6)/a)?
4
Suppose 0 = k + 3*k - 68. Suppose 2*n = 4*d - 22, -k = -n + 3*n - 3*d. What is the tens digit of (-70 - (n - 2))*-1?
6
Suppose -4905 = -47*q + 3555. What is the thousands digit of (q/24 + -8)/((-2)/6388)?
1
Let u = -420 - -477. Suppose -11*b + u*b = 69552. What is the thousands digit of b?
1
Let g = 653 - -3877. What is the thousands digit of g?
4
Suppose -4*z - 5 = l - 10, 5*z = 3*l + 19. What is the units digit of 220 + (-18)/l + -1?
5
Let h = -2783 - -2771. Let u = -81 - -40. Let p = h - u. What is the tens digit of p?
2
Let w = -2128 - -5591. What is the hundreds digit of w?
4
Suppose 3*p + 36810 = 18*p. Suppose 0 = -14*z + 12*z + p. What is the tens digit of z?
2
Suppose 43*b + 411 = 40*b. Let q = b - -238. What is the hundreds digit of q?
1
Let p = 39548 + -15889. What is the tens digit of p?
5
Let d(y) = 5*y - 35. Suppose 0*f = 7*f. Let o be d(f). What is the tens digit of (-10)/o + 5475/21?
6
Suppose b + 4*g + 37 = 33, 0 = -3*b - 2*g - 2. Suppose -4*l = 0, b*c - 2384 = -4*c + l. What is the hundreds digit of c?
5
Let w(v) = -16*v**3 + 2*v**2 + 4*v - 3. Suppose 22*i = 18*i - 2*u - 2, 5*i + 3*u = 0. What is the hundreds digit of w(i)?
4
Suppose 33*q - 40*q = 9149. Let n = 1898 + q. What is the hundreds digit of n?
5
Let j be -5 + 2 + 7 + -4. Suppose j = -7*b + 135 + 558. What is the tens digit of b?
9
Let b = -2612 - -4790. What is the thousands digit of b?
2
Let c be (-3 - -8)*-1 + -8*1. What is the tens digit of 855/((-3)/(-3)) - (c + 14)?
5
Suppose 14*k + 2462 - 19892 = 0. Suppose 3*p - 739 = 4*a, 11*p + 4*a + k = 16*p. What is the hundreds digit of p?
2
Suppose -5*b - 3*x = -x - 2400, -2*b - 5*x = -939. Suppose -b = -9*v + 13. What is the units digit of v?
5
Let m(c) = -14623*c + 130. What is the tens digit of m(-1)?
5
What is the thousands digit of (((-1360736)/72)/(-13))/((-10)/(-45))?
6
Suppose s - 12*s = -99. Suppose -t - g + 1 = 0, 0 = -6*t + s*t - 3*g - 15. Suppose 4*w = 2*z - 574, -29 = t*z + 5*w - 835. What is the hundreds digit of z?
2
What is the hundreds digit of (-310904)/(-80) + 15/(-50)?
8
Suppose -38*o + 39*o = -r + 10440, 2*r = -o + 20887. What is the hundreds digit of r?
4
Let q = 127 + -52. Suppose -r - q = -268. What is the units digit of r?
3
Let y = -55 + 57. Suppose 2 = 2*l, 0*z + y*l = -5*z + 6107. Suppose -4*v = -15*v + z. What is the tens digit of v?
1
Suppose 27 = 5*q + 17. Suppose 2*l - q = l. Suppose 4*d + 70 = -3*x + 722, l*x - 3*d = 463. What is the hundreds digit of x?
2
Suppose 4*r + 5*g - 193 = -560, g = 4*r + 397. Suppose -64*k = -59*k - 600. Let n =